 - (5 - -2) - 3.
-7
What is the value of 2 - (2 + 1 - (43 + -41))?
1
Calculate 7 - (-6 + 29 + -8).
-8
-3 + (-3 - -1 - (1 + -1))
-5
Evaluate 0 - (-2 + 4 + 3).
-5
What is (2 - (1 + -5)) + -3?
3
What is the value of (-14 - -9) + 3 + -3 + -2?
-7
What is the value of -5 + (1 - 2) + 1?
-5
Evaluate -1 + (0 + 5 - (1 + 0)).
3
(9 - ((3 - -1) + -1)) + -4
2
Evaluate 4 + -3 + 3 + (5 - 5).
4
Evaluate (15 - 13) + 3 + 2 + 2.
9
What is the value of -17 - -3 - (2 + -9 - -2)?
-9
Evaluate 0 + 2 - (-26 - -23).
5
Calculate -5 - 0 - (-14 - (-14 - 0)).
-5
Evaluate -4 - (2 - (-1 - (3 + -5))).
-5
What is the value of 0 + 12 + -21 + 13?
4
What is the value of (1 - (4 + -2)) + 1?
0
-7 + 6 + 4 + -12
-9
Evaluate -7 - (5 - (0 - -8)).
-4
What is the value of -8 - ((-9 - -1) + 6)?
-6
Calculate (23 + -7 - 3) + -7 + -3.
3
Calculate -4 + 0 + (2 - (-15 - -13)).
0
Evaluate -3 + 0 + -7 + 10.
0
Calculate 0 - ((-4 - -9) + (-4 - -9)).
-10
What is the value of -1 + -2 + (-3 + -3 - -6)?
-3
Calculate (-1 - (0 - -1) - -10) + -4.
4
What is the value of -2 + 1 - 1 - (150 + -147)?
-5
What is the value of (0 - 7) + (45 - 41)?
-3
What is 1 + -4 - (27 + -29)?
-1
5 - -2 - (-1 + 5)
3
-6 + 6 + -8 - -11
3
What is -1 - (8 - (2 + -3 - -17))?
7
What is 0 - (2 + (1 + -5 - -1))?
1
Calculate 3 + 1 - (-2 + 8).
-2
What is the value of 2 - ((3 + -6 - -8) + -7)?
4
What is -3 + 7 + -1 + (0 - 2)?
1
What is 4 - 6 - -1 - 3?
-4
What is the value of 7 + -9 + 6 - -2?
6
Evaluate -44 - -48 - (2 + -2).
4
What is -4 + (6 - -4) + -4?
2
What is the value of -4 - (-1 - 3 - 2)?
2
Calculate -3 + (-3 - (1 - 3)).
-4
-2 + ((0 - -6) + -1 - 7)
-4
Evaluate (5 - 4) + -2 + 0 - -4.
3
What is 2 - 6 - -1 - (-1 + -4)?
2
Calculate -1 + 1 - 7 - (16 + -21).
-2
Calculate -1 - (-9 + (1 - 0)) - 3.
4
-15 + 24 + (0 - 8) + 3
4
What is -7 + 5 + 2 + -3 + 9?
6
What is the value of (9 - 6) + 0 - 7?
-4
0 - (-4 - -4) - -4
4
What is the value of 5 - (8 - -9 - 8)?
-4
Evaluate 6 - (2 + 0) - 4 - -4.
4
What is the value of -5 + -4 - (-1 + -4)?
-4
What is the value of -1 + (2 - 8) + 1?
-6
What is -3 + 2 + (-4 - -2) - -3?
0
What is the value of 1 - ((-6 - -4) + -2) - 4?
1
0 + 2 + (-2 - -4) + -10
-6
Calculate (5 - (-3 - -5)) + 28 + -25.
6
-2 - -7 - 1 - (24 + -23)
3
Evaluate 2 + (-23 - -25 - (-5 + 1)).
8
11 - (-2 - (-13 - -5))
5
Calculate 3 + -2 + (7 - 7).
1
Evaluate -17 - (6 + 4 - 22).
-5
Evaluate -8 - -3 - (1 - 6).
0
What is -1 + -9 - (18 - 25)?
-3
What is the value of (13 - 5) + 1 - 10?
-1
What is (-6 + -3 + 1 - 6) + 6?
-8
What is the value of 5 + (12 - 22) + 7?
2
What is 7 + -17 + 4 + 1 + 5?
0
Evaluate -11 - (-12 + 10) - -16.
7
Evaluate -11 - (-12 + 11) - -10.
0
3 + (4 - (15 + -2))
-6
What is 1 + (-1 - ((-7 - -3) + 5))?
-1
What is the value of (12 - 15) + -2 + 3?
-2
What is the value of 4 - ((-7 - -5) + 5)?
1
(12 - 28) + (21 - 12)
-7
Evaluate -9 - -11 - (0 - (-1 + 0)).
1
What is the value of (-3 - 2 - -2 - 5) + 3?
-5
What is 0 + 3 + 0 + 2 + -2?
3
Evaluate -2 - (-3 + -1 - -6).
-4
Evaluate 0 - 0 - (5 + -3 - 1).
-1
What is -2 + (-4 - -10 - -1 - 3)?
2
Calculate 4 - (-4 - 1 - (6 - 10)).
5
What is the value of -2 + (2 - 4) + (11 - 8)?
-1
Calculate 0 - (-1 + 1 + 0 + 0).
0
Evaluate -4 + 14 + -3 + -2.
5
Calculate -2 - (-8 + (8 - 8)).
6
Calculate (4 - 9) + 8 - 5.
-2
What is 9 - 3 - (5 + -1)?
2
3 + (13 - (1 - -10))
5
Evaluate (-4 - -2) + 3 + -2.
-1
What is the value of (3 - 6 - 2) + (36 - 40)?
-9
Evaluate (-3 - -8 - 5) + -4.
-4
Calculate -13 - -3 - (-16 + 3).
3
Calculate 6 + 1 + (-14 - -8).
1
-11 + 2 + -3 + 8 - -9
5
Calculate 17 + -6 + -2 - 11.
-2
-31 - -35 - (9 + -1)
-4
1 + -2 + 7 + 0
6
Evaluate -8 + 8 - (-5 - 0).
5
Evaluate 0 + 5 + -1 - (2 + -3).
5
What is -7 - (0 - (-5 - -10))?
-2
What is 0 + -3 + -1 + 1 - -4?
1
What is the value of 2 + 0 + -6 + 1?
-3
(4 - -4) + 0 + 2
10
Calculate -1 + -5 + (9 - 1).
2
What is -1 - (-1 - 0) - 5 - -1?
-4
-2 + 0 - (-2 + 1) - -4
3
What is the value of -1 + -2 + 0 + (-2 - -3)?
-2
-11 + 11 - (2 - 0)
-2
What is (-9 - (-15 + -3)) + -9?
0
What is 33 + -29 + (-3 - -1)?
2
What is the value of 3 - (-4 + 2 + 3) - 0?
2
Evaluate -3 - (-5 - 0) - 0.
2
(1 - 1) + 119 + -119
0
(-3 - (-12 + 6)) + 0 + -3
0
(3 - 5) + 4 + -7
-5
What is the value of 1 - -3 - 13 - -15?
6
Evaluate 2 + (1 - 4) + 5 + -2.
2
Calculate 6 + 5 - 11 - -3.
3
Calculate 4 - -6 - (9 + 5).
-4
Calculate -3 - ((0 - 1) + (6 - 8)).
0
Calculate 8 - 7 - (8 + -2 + 2).
-7
Calculate (-3 - -8) + -3 + 4 + -1.
5
Calculate -26 - -23 - (-1 - 5).
3
Evaluate -10 - -1 - (-10 - 7).
8
Calculate (-3 - -7) + -9 + -2.
-7
1 + 0 - 1 - (-21 - -18)
3
What is -10 + 11 + (8 - 7)?
2
Calculate 0 - (6 - (-4 - -8)).
-2
Calculate -1 + -2 + -8 - -7.
-4
-2 + 0 + -1 + 4
1
2 - (-4 - (-8 - (1 - -1)))
-4
Calculate 14 + -8 + 0 + -8.
-2
What is the value of -9 + 2 + 6 - (3 + 0)?
-4
What is the value of 4 - (11 + -8 - (-4 + 8))?
5
11 - 11 - (-5 + 1 + 0)
4
What is the value of -1 + 2 + 2 + -7 + 0?
-4
Calculate -7 - (-12 - (8 + 0 + -7)).
6
What is 0 + 5 - (34 + -33)?
4
Evaluate 4 - 13 - -7 - -6.
4
(-5 - (-1 - -5)) + (5 - 0)
-4
Evaluate -13 + 8 - (-1 - 2) - 3.
-5
Calculate -3 - (3 - (-3 + (5 - 0))).
-4
Evaluate -1 - ((-5 - -5) + -2).
1
Calculate (-25 - -21) + (3 - 1).
-2
Evaluate -9 + (-5 - -2) + 6.
-6
1 - (-6 - (5 + -9))
3
Evaluate 11 + -9 + 4 + -1 + 1.
6
Evaluate -2 + 8 + -5 - 0.
1
Calculate 11 + -15 - (-1 - 3).
0
-8 - -12 - 2 - (-2 + 1)
3
What is the value of (-7 - -13 - (-2 + 2)) + -2?
4
What is the value of -8 + 1 + (-4 - -5 - -4)?
-2
Calculate 1 + -3 - 3 - (2 - 3).
-4
What is 4 + (-6 - -3) + 1 + 0?
2
Evaluate (-3 - -7 - 11) + 5.
-2
6 + 7 + -10 + -3
0
-1 + (1 - (4 - 8))
4
Evaluate -1 + -1 + 7 - (-5 + 4).
6
-3 + (9 + -4 - 1)
1
Calculate 26 - 26 - (-4 + 1).
3
Evaluate (57 - 69) + 7 + 3.
-2
Calculate (16 - 15) + (-1 - -3) + -3.
0
What is the value of (-8 + 11 - 7) + 0 + 2?
-2
Evaluate -35 - -36 - (1 - -5).
-5
What is (-14 - (-10 - -3)) + 5?
-2
What is the value of 3 - (-6 + 9) - (-1 + -7)?
8
What is (0 - 1) + (-9 - -15)?
5
3 - (1 - -5) - -5 - 5
-3
Evaluate 3 - (4 - 6 - -4 - -1).
0
Evaluate (-1 - (-4 - -6)) + 6.
3
1 - ((5 - -1) + (17 - 18))
-4
What is -4 - (7 + (-4 - 8))?
1
Evaluate 6 - (-4 - -2 - -5).
3
Calculate 5 - (-1 - (-5 - (1 - 5))).
5
Evaluate 2 - 2 - (-8 + 0 + 1).
7
Evaluate 4 + (0 - 1) + (-4 - 2).
-3
Calculate (-1 - 3) + -109 + 106.
-7
What is -2 - (6 + -3 + (0 - 1))?
-4
Evaluate 3 + -8 + (-1 - -7).
1
What is 4 - 1 - (19 - 13)?
-3
Calculate 10 + -2 + 8 + -16 + 5.
5
Calculate -5 + 4 + 0 + -1.
-2
9 - (14 - (7 + 1))
3
What is -2 + 3 + -7 + (3 - 3)?
-6
Calculate 1 - 7 - (-10 + 5).
-1
What is -7 - 8 - (-1 - 5) - -5?
-4
What is the value of 1 + 0 + 4 + (-56 - -56)?
5
-11 + 11 + -12 - (1 - 8)
-5
Evaluate -3 + 6 + -4 - (-4 - -1).
2
Evaluate 4 - 2 - (40 + -43).
5
What is the value of (-1 - -6) + 23 + -19 + -6?
3
-8 + (4 - 1) + 6
1
What is -6 + (0 + 2 - 1)?
-5
What is the value of 10 + (-4 - -7) + -8?
5
-11 + 2 + 1 + 14
6
Evaluate -3 + (2 - (1 - -2) - -1).
-3
What is the value of 5 - (24 + -13 + (2 - 2))?
-6
-4 + (1 - (-7 - 1))
5
Calculate 4 + (4 - 14) + -3.
-9
11 + -1 + (79 - 98)
-9
Calculate 2 + (10 - 6) + -2 + -3.
1
What is (5 - 5) + (-2 - 3 - -4)?
-1
Calculate ((3 - 6) + 4 - -4) + -1.
4
What is -242 - -247 - (1 - (1 - 1))?
4
Evaluate -3 - ((2 - 1) + (-54 - -55)).
-5
Evaluate 2 + -6 + -9 + -5 + 22.
4
Calculate 8 - ((6 - -4) + -7).
5
What is -1 + (3 + (3 - 5) - 1)?
-1
What is the value of 4 + -8 - (7 - (-4 + 7))?
-8
0 - (-1 - 2) - (-13 + 8)
8
Evaluate 1 + (2 - 2) + 2.
3
Calculate (-3 - -8) + -8 + 10.
7
Calculate 5 + -10 + 2 + 2.
-1
Evaluate -6 + 10 - (-4 + 12).
-4
-3 - (1 + -5 - (-19 - -13))
-5
What is 3 - 9 - (-1 + (1 - -2))?
-8
What is 15 + 3 + -8 + -10?
0
What is 1 - (-8 - 1) - 3?
7
Evaluate 4 - (4 + 1 - 4).
3
What is the value of (-2 + 8 - -6) + -7?
5
Calculate (6 + -4 - (1 + 0)) + -1.
0
-7 - (14 + -15 + (-7 - -2))
-1
What is (-14 - -9) + (2 - -3) + -2?
-2
Evaluate (6 - ((2 - 1) + 0)) + -5.
0
Calculate (-10 - -5) + (-10 - -10).
-5
What is the value of 4 + (15 - 26 - (-5 + 1))?
-3
(5 - 5) + (7 - 4)
3
Evaluate (-12 - (5 - 17)) + 1.
1
Evaluate (17 - -4) + -15 - (15 - 1).
-8
2 + -1 - 3 - (5 - 11)
4
Calculate 5 - ((4 - -2) + -3) - -3.
5
What is -27 + 23 + 13 + -5?
4
Evaluate 4 - (1 - 2 - (-1 + 1)).
5
What is the value of -2 + (-3 - -9) + -3 + -6?
-5
Calculate (5 - 3) + (-2 - -4).
4
Calculate 3 + (1 - (1 + -3)).
6
(2 - -2 -